 + 5*q - 6*q**2 + q - q**3. Let l(k) = -k**3 - 6*k**2 + 6*k + 11. Let u(v) = 2*l(v) - 3*t(v). What is the tens digit of u(-6)?
1
What is the tens digit of (66/9 + -4)*3?
1
Let o(g) = -g**3 + 16*g**2 - 3*g - 12. What is the units digit of o(14)?
8
Let s(d) = -d**2 + d + 1. Let f be s(-1). Let t(w) = -6*w**3 - w**2 + 1. Let i be t(1). What is the units digit of (-3)/f*(-8)/i?
4
What is the tens digit of -7*2/((-4)/30)?
0
Let h = -5 + 6. Let q = -3 + h. Let r = 3 - q. What is the units digit of r?
5
Suppose 3*d = 3*q + 147, 4*d - 2*q = 179 + 7. Suppose d = 7*g - 3*g. What is the units digit of g?
1
Let g be (3/(-3))/((-2)/14). Let w(h) = -h**2 + 11*h + 1. What is the tens digit of w(g)?
2
Suppose 0 = b + b - 1060. Suppose 155 = 5*t + b. What is the units digit of (-8)/(-36) + t/(-27)?
3
Let n(l) = -6*l - 7. Let b be n(-4). Let x = b + -15. What is the units digit of x?
2
Let q(v) = 3*v**3 + v**2 + v - 4. Let c(w) = 8*w**3 + 2*w**2 + 2*w - 11. Let o(b) = 4*c(b) - 11*q(b). Let n be o(-2). What is the units digit of (0 - n*-1)/2?
1
Suppose 69 = -3*b + 24. Let s = -9 - b. What is the units digit of s?
6
Suppose 1 - 6 = -5*n. Let o = 1 + n. Suppose -3*p = -p + o*i - 22, -p + 7 = 5*i. What is the tens digit of p?
1
Let h = 162 - 88. What is the tens digit of h?
7
Let k be 90/6 - (0 + 1). Suppose -5*t = 2*i - 6*t - k, -4 = -i - t. Suppose -i*q + 4*q + 14 = 0. What is the units digit of q?
7
Let q(z) = z**2 + 3*z + 2. Let u be q(-5). Let a = -8 + 12. Suppose -a*i + 0*i + u = 0. What is the units digit of i?
3
Suppose r - 144 = -2*r. What is the units digit of r?
8
What is the tens digit of (-5)/(-105)*-6 + (-2048)/(-14)?
4
Let n(x) = -x**3 + 10*x**2 + x - 8. Let p be n(10). Suppose -4*i = 2*q - 5*q - 32, -i - p*q + 8 = 0. What is the units digit of i?
8
Let n(k) = -3*k**2 + k + 1. Let p be n(-1). Let b be (3/p)/((-2)/12). What is the units digit of (-25)/(-3) + 4/b?
9
Let l be 6/((-2)/8 + 1). Let r = -6 + l. Suppose -18 - 16 = -r*d + 2*v, -3*d + 4*v = -55. What is the tens digit of d?
1
Let b(p) = p**2 - p + 12. Let y be b(0). Suppose -2*t = 3*t. What is the tens digit of (1 + t)*2 + y?
1
Suppose s = 3*i - 1, 0*s - 5*s = 4*i - 33. Suppose -3*b = -i*k + 21, -27 = -2*k + 2*b - 5*b. Suppose 3*r = 7*r - k. What is the units digit of r?
3
Suppose 3*t = -149 + 422. What is the units digit of t?
1
What is the units digit of 17968/144 + (-2)/(-9)?
5
Suppose -1 = 8*i - 265. What is the tens digit of i?
3
Let o be (-2)/(-9) - 43/(-9). Suppose -5*j = 3*a - 32, o*a + 0*j = j + 72. What is the units digit of a?
4
Suppose 0 = -6*q - 0*q + 204. What is the tens digit of q?
3
Let f be (-6)/15 + 96/40. Suppose -3*u + 2*k = -27, -u + 0*u - f*k + 1 = 0. What is the units digit of u?
7
Suppose 0 = 3*x - 3*r - 15, -3*r - 21 = -x + 2*r. Suppose 0 = d - 4 + x. What is the units digit of d?
3
Let d be 448/24 - (-4)/(-6). What is the units digit of d + -1 - (-7 + 6)?
8
Let t(z) = z**3 - z**2 + 0*z**2 - 2*z**2 - 2*z + 3*z. What is the units digit of t(3)?
3
Let d(x) = 2*x**2 + 3*x - 1. Let i be d(3). Suppose -i + 2 = l. What is the units digit of l/(6/(-2)) - 1?
7
Let b(z) = -4*z + 14. Let c(y) = -2*y + 7. Let x(v) = 2*b(v) - 5*c(v). What is the units digit of x(8)?
9
Let y = 10 - 6. Suppose -2*h + l = -40, y*h + 3*l - 122 = -h. Suppose h = 2*w - 14. What is the units digit of w?
8
What is the hundreds digit of -3 - -2 - 616/(-2)?
3
Suppose 3*a = 443 - 92. What is the units digit of a?
7
Let u = -19 - -23. Suppose 5*n - 39 = u*n. What is the tens digit of n?
3
Let h be (-172)/(-36) - (-2)/9. Suppose -11 - h = -4*v. Suppose 9 = v*w - 5*g - 16, 5*w + 3*g - 59 = 0. What is the units digit of w?
0
Let d be (-33)/5 + 21/35. Let r(k) = -4*k - 3. What is the units digit of r(d)?
1
Let k(j) = -47*j + 42. What is the hundreds digit of k(-5)?
2
Suppose 0*k + 279 = 3*k. What is the units digit of k?
3
Let q(k) be the third derivative of -4/3*k**3 - 3*k**2 + 0*k + 0 - 1/12*k**4. What is the units digit of q(-10)?
2
Let d be (-28)/6 + (-4)/(-6). Suppose 4*q + 4 = -24. Let o = d - q. What is the units digit of o?
3
Let y(f) = f**2 + 11*f - 15. What is the tens digit of y(6)?
8
Suppose -162 = -2*p + 10. What is the units digit of p?
6
Suppose -5*w - 58 = -4*r, 4*r - 2*r - 36 = -w. Let h = r + -8. What is the units digit of h?
9
Let d = 413 - 159. What is the units digit of d?
4
Let p be ((-11)/(-3))/(1/3). Let r = 5 - p. What is the units digit of (0 - (-9)/(-6))*r?
9
Let m(l) = -113*l**3 - l**2 - 2*l - 2. What is the hundreds digit of m(-1)?
1
Let k be (-18)/3*2/6. Let j = 12 + k. What is the tens digit of j?
1
Suppose 2*v - 60 = -4*j, 0 = 5*j - 5*v + 22 - 82. Suppose -2*f + 42 = j. What is the tens digit of f?
1
Suppose 4*m - 409 = -2*x + 3*m, -3*x - 4*m = -621. What is the hundreds digit of x?
2
Suppose -5*x + 1 = -14. Suppose x*u + 2*u - 50 = 0. What is the units digit of u?
0
Let g(z) be the third derivative of -5*z**4/24 + z**3/6 + z**2. Suppose 0 = -5*p + 3*w - 21, p + 18 = -3*p + 3*w. What is the tens digit of g(p)?
1
Suppose 9 = 3*n, -5*n = -b - 0*b - 1. Suppose 2*j = 2*h + 12, 4*h + 0*h = -4*j + 8. Let z = h + b. What is the tens digit of z?
1
Suppose 3*r - 2*r = -3. What is the units digit of (-7)/2*6/r?
7
Let s(l) = 11 + 0*l + 2*l + l. Let j be s(8). Let n = j - 20. What is the units digit of n?
5
Suppose 51 = -4*b - g, 4*b + 2*g + 57 = -g. Let s(k) = k**2 + 8*k - 8. What is the tens digit of s(b)?
4
Suppose -4*j - 38 = -14. What is the tens digit of 14*j/4*-1?
2
Suppose 5*g = -z + g + 53, -5*g = -4*z + 170. What is the tens digit of z?
4
Suppose 0 = -i + 3*a + 34, -2*i + 148 = 3*i - 4*a. What is the tens digit of i?
2
Let d(u) = 76*u**2 + u - 1. What is the tens digit of d(1)?
7
Let l(c) = -c + 28. Let h(n) = n**3 - 8*n**2 + 3*n - 9. Let x be h(8). What is the tens digit of l(x)?
1
Suppose -j = j - 14. What is the units digit of j?
7
Let z(l) = -l**3 - l**2 - l + 4. What is the units digit of z(0)?
4
Suppose -2*x = x - 9. Suppose x*y + y - 124 = 0. What is the units digit of y?
1
Let c(y) = y**3 - 2*y**2 - 3*y + 6. Let s be c(4). Suppose 3*b + w - s = 0, -b + 3*w - 5*w + 12 = 0. What is the units digit of b?
8
Let u = -11 + -1. Let m = u + 20. What is the units digit of (m/3)/(2/6)?
8
Let o(q) = -2*q**3 - q - 1. Let f be o(-1). What is the units digit of -1*f + (0 - -3)?
1
Let m(q) = 3*q**2 - 3*q**2 + 7 + 2*q**2 + 4*q - 3*q**2. Let o be m(5). What is the units digit of (-160)/(-9) - o/(-9)?
8
Let k = 21 + 14. What is the tens digit of k?
3
Suppose -x - 134 = -5*j, -j - 2*x + 9 = -20. What is the units digit of j?
7
Suppose -3*q - 5*m - 7 = 0, 0 = -2*q - m + 4*m + 8. What is the units digit of 1/q + 13 - 1?
3
Let o(v) = 3*v - 7. Suppose 2*i - a - 19 = -2*i, -2*a = -4*i + 14. What is the units digit of o(i)?
1
Let i(g) = g**3 - 3*g**2 + 4. Let x = -1 + 5. What is the tens digit of i(x)?
2
Let g be 15/5 - (0 - 49). Let w = -25 + g. What is the tens digit of w?
2
Let u be (-14)/(-4) - 5/(-10). Suppose -19 = -u*a + 5. What is the units digit of 2/(-12) - (-55)/a?
9
Let j = 54 + 2. What is the units digit of j?
6
Suppose 19 = s - 6. What is the units digit of s?
5
Let o = 1 - -2. Suppose n + 7 = -o*l, -5*n = 5*l + 4 + 1. Suppose c + 14 = 3*c - n*p, -2*p - 6 = 0. What is the units digit of c?
4
Let l = 663 + -408. What is the units digit of l/9 - (-2)/(-6)?
8
Let m(i) = -i**3 + 3*i**2 + 5*i - 1. Let x be m(4). Suppose x*h + 11 + 3 = -z, -2*h - 4*z - 16 = 0. What is the units digit of h/(-6) - (-12)/9?
2
Suppose 0*t - 500 = -5*t. Suppose 7*b - 9*b + t = 0. What is the tens digit of b?
5
Suppose -6*k + 11 = -7*k. Suppose -5*y - 1 = -96. Let b = k + y. What is the units digit of b?
8
Let m(d) = d**3 - 3*d**2 - 3*d - 2. Let v be m(4). Suppose v*n + 4*k = -4, 2*n = -5*k - 0 - 6. Suppose n*o = 13 + 23. What is the tens digit of o?
1
Suppose 4*t = 66 + 6. Suppose 3*r - 5*v = 16, -4*v = 3*r - 1 + 3. What is the units digit of 50/t - r/(-9)?
3
Let c(d) = -d**2 + 8*d - 4. Let u be c(7). Suppose u*g - g - 30 = 0. What is the tens digit of g?
1
Suppose 0 = 4*m - t - 555, 0 = 4*m + 2*t + 113 - 659. Suppose 3*p = -0*p + m. What is the tens digit of p?
4
Suppose 65 = 7*q - 40. What is the units digit of q?
5
Let t(i) = -i**3 - 10*i**2 + i + 14. Let g be t(-10). Suppose 5*z = g*w - 8, w - 5*w + 36 =